ase 10, what is -8758924 + -1?
-8758925
In base 10, what is 137591 + 113?
137704
In base 7, what is -4 - 212600311?
-212600315
In base 5, what is 34422 - 20101?
14321
In base 5, what is -4042404320 + 0?
-4042404320
In base 4, what is -1202123010010 + -211?
-1202123010221
In base 15, what is 616be0 - -1d?
616c0d
In base 13, what is 156188 - c6?
156092
In base 2, what is 1010001000001100101000101 + -1010?
1010001000001100100111011
In base 13, what is 4 - -1b2462a?
1b24631
In base 4, what is 2 + 20102203030201?
20102203030203
In base 15, what is 7ea0a0 - -a?
7ea0aa
In base 14, what is -5d45dd6 + 3?
-5d45dd3
In base 13, what is 15212 - 37?
151a8
In base 12, what is -41342a5 + -1?
-41342a6
In base 6, what is 15 + -2530221?
-2530202
In base 13, what is -6 - -1825424?
182541b
In base 14, what is -41 + -144243?
-144284
In base 7, what is 4435 - 5600?
-1132
In base 7, what is 35335 + -4225?
31110
In base 2, what is 0 + 111010110001111101000000?
111010110001111101000000
In base 11, what is -53a048 - 5?
-53a052
In base 2, what is 110 - 11000111011111100001?
-11000111011111011011
In base 6, what is -1304231 + -122?
-1304353
In base 6, what is 141114 + 3014?
144132
In base 7, what is -65 + 556065?
556000
In base 4, what is -22021313300 + -13010?
-22021332310
In base 2, what is -10010 - 111010110011000000?
-111010110011010010
In base 6, what is 13523 - 445044?
-431121
In base 13, what is 6 + -9404a3?
-94049a
In base 7, what is 1412661 - -3111?
1416102
In base 5, what is 44003121132 - -10?
44003121142
In base 14, what is -66 - 10cd80?
-10d006
In base 10, what is 11 - 4101247?
-4101236
In base 7, what is 325530 - -10043?
335603
In base 7, what is -16 + 54404601?
54404552
In base 13, what is -5 + -6b5731?
-6b5736
In base 15, what is 1deda - 253?
1dc87
In base 6, what is -4 + -4410104451?
-4410104455
In base 13, what is 78b7077 + -2?
78b7075
In base 5, what is 1023040111 + 202?
1023040313
In base 8, what is -21626462 - 0?
-21626462
In base 11, what is 6734 - 1a7?
6538
In base 9, what is 5 + -5085508?
-5085503
In base 10, what is -15535 - -267?
-15268
In base 6, what is 3 - -45512324055?
45512324102
In base 12, what is 1 - -57850a?
57850b
In base 4, what is -10 + 21110222202?
21110222132
In base 11, what is -351a20 + 25?
-3519a6
In base 16, what is 2 - -17147?
17149
In base 4, what is -3212201113 - 10?
-3212201123
In base 4, what is 130 - 120312200221?
-120312200031
In base 5, what is -30 - 1322130330?
-1322130410
In base 16, what is 4800b90 - 3?
4800b8d
In base 16, what is -2fe14 - 1067?
-30e7b
In base 12, what is -16a - 6916?
-6a84
In base 14, what is -1186bcd + -4?
-1186bd3
In base 7, what is 143344613 + -5?
143344605
In base 16, what is 0 + 4e2b64a?
4e2b64a
In base 6, what is 15230 - 40?
15150
In base 11, what is 631a61 + -10?
631a51
In base 16, what is 4900 - -1cb5?
65b5
In base 15, what is -1775702a + 0?
-1775702a
In base 3, what is -10121010110010 - 20?
-10121010110100
In base 12, what is 369aa + 9a2?
37790
In base 12, what is -20 - 14a646?
-14a666
In base 7, what is -643 + -42661?
-43634
In base 13, what is 6 - -cb8c990?
cb8c996
In base 2, what is 0 + 100001000111101100101?
100001000111101100101
In base 12, what is 166 + 468227?
468391
In base 8, what is 1 + 447574746?
447574747
In base 7, what is -1032 - 11164211?
-11165243
In base 4, what is 121321 + 22321300?
23103221
In base 14, what is 0 + 583cc9?
583cc9
In base 16, what is 28a + 349d?
3727
In base 10, what is -26 - 1748846?
-1748872
In base 14, what is -3d21c77 + -13?
-3d21c8a
In base 16, what is 1 + -4493ed?
-4493ec
In base 12, what is 34557 - -3?
3455a
In base 4, what is -120000132012 + -30?
-120000132102
In base 6, what is -1151 - 41101?
-42252
In base 14, what is 58c6 + -977?
4d4d
In base 2, what is -11 + -1000010010011000100100110?
-1000010010011000100101001
In base 13, what is 2 - 57b6893?
-57b6891
In base 8, what is -41 + -11037114?
-11037155
In base 4, what is 112 + 230123133?
230123311
In base 8, what is 45 - 23133501?
-23133434
In base 10, what is 1296 - -16109?
17405
In base 13, what is 3 - -5a7231?
5a7234
In base 5, what is -2 - 313403132?
-313403134
In base 7, what is 1 - -56543063?
56543064
In base 11, what is 25a77969 - -1?
25a7796a
In base 7, what is 3164 + -2401?
463
In base 13, what is 1c113 - -803?
1c916
In base 16, what is -36c996b + -b?
-36c9976
In base 15, what is -51 - -23b50a?
23b4a9
In base 4, what is 1110 - 12221301?
-12220131
In base 12, what is 1b7 + -6aab?
-68b4
In base 10, what is 18436 + -9698?
8738
In base 2, what is -1110 + 11101011010111011010?
11101011010111001100
In base 13, what is -30 + -51526?
-51556
In base 12, what is 43112 - 9a1?
42331
In base 6, what is 0 + -415115314?
-415115314
In base 11, what is 1287 - 1620?
-344
In base 7, what is -1164 + 11465612?
11464415
In base 2, what is 100100101100000000001 - 1001100011?
100100101010110011110
In base 16, what is 304168 + -9?
30415f
In base 5, what is 23213034243 - -3?
23213034301
In base 6, what is 12410320 - 2113?
12404203
In base 3, what is -1011012010122 - -1012?
-1011012002110
In base 6, what is 24332 + 10501?
35233
In base 5, what is -2331100140 + 10?
-2331100130
In base 2, what is -10110111010000011110 - 101?
-10110111010000100011
In base 15, what is -11c84 - 7c8?
-1255c
In base 11, what is -18407a - 141?
-184210
In base 7, what is 146216660 + -2?
146216655
In base 5, what is -332 + 41044233?
41043401
In base 13, what is a - 5567?
-555a
In base 15, what is -b - -5ea068?
5ea05c
In base 6, what is -2131402322 - 2?
-2131402324
In base 10, what is 5 + 1092105?
1092110
In base 15, what is -155c - 121c?
-2779
In base 11, what is a416 + 883?
10199
In base 9, what is 1357204 - -62?
1357266
In base 6, what is -53230211013 + 3?
-53230211010
In base 5, what is -2 - -114122330223?
114122330221
In base 10, what is 72364 - 12?
72352
In base 11, what is -13831 - 3791?
-17512
In base 15, what is -d288 - a4?
-d33c
In base 12, what is -59 - 3103?
-3160
In base 2, what is -10011001011110001 - 100100010?
-10011010000010011
In base 13, what is -298836a - 5?
-2988372
In base 10, what is -418 - 48750?
-49168
In base 15, what is -2e7 - -1a293?
19e9b
In base 15, what is -c56 - -18062?
1730b
In base 9, what is -461 + -78064?
-78535
In base 7, what is 11 + 235215344?
235215355
In base 13, what is 31525b + -2?
315259
In base 11, what is -2867966 + 31?
-2867935
In base 11, what is -113533 - 54?
-113587
In base 10, what is -1717 + 40782?
39065
In base 8, what is 4560603 - -62?
4560665
In base 5, what is -13142303224 + 2?
-13142303222
In base 5, what is 12143011 - -314?
12143330
In base 9, what is -1 - 12420882?
-12420883
In base 16, what is -2171a - -1c5?
-21555
In base 5, what is -114344004 - 43?
-114344102
In base 4, what is -311 - 2103332132?
-2103333103
In base 15, what is 67d9d4 + 4?
67d9d8
In base 6, what is -4043 - 12431?
-20514
In base 7, what is 35 + -10242152?
-10242114
In base 4, what is -2032 - -110302322?
110300230
In base 2, what is -111010111 + -10110101000011000010?
-10110101001010011001
In base 14, what is -c2350bd + 8?
-c2350b5
In base 5, what is -30420 - -33111?
2141
In base 7, what is -3615255 + 505?
-3614450
In base 3, what is 2100001 - -22210201?
102010202
In base 15, what is -969a795 - -9?
-969a78b
In base 4, what is -13223103212 - 2111?
-13223111323
In base 10, what is -2166 + -401031?
-403197
In base 14, what is -a3 + -518b?
-5250
In base 12, what is -99 + -1a46b?
-1a548
In base 16, what is -e7058 + -3e?
-e7096
In base 5, what is -133 + 11304143113?
11304142430
In base 7, what is 264 + 1562054?
1562351
In base 15, what is -aa7b31e - -5?
-aa7b319
In base 12, what is -5 - -826a140?
826a137
In base 14, what is -50 + -23565b?
-2356ab
In base 2, what is 11001011011011111 - -1010000001?
11001100101100000
In base 14, what is 4 + 68a9477?
68a947b
In base 10, what is -1719 - 766?
-2485
In base 13, what is 5 - b690c?
-b6907
In base 10, what is -98519 - -164?
-98355
In base 9, what is -73337514 + 5?
-73337508
In base 5, what is -12431 - -342110?
324124
In base 5, what is 4312411030120 - -3?
4312411030123
In base 14, what is b3 + -4cbc8?
-4cb15
In base 6, what is 3310 - -1003325?
1011035
In base 16, what is 4918b7 - -19?
4918d0
In base 10, what is 10148 - -619?
10767
In base 14, what is -3c10 + -1761?
-5571
In base 1